{"id":249,"date":"2025-07-09T21:04:25","date_gmt":"2025-07-09T19:04:25","guid":{"rendered":"https:\/\/veterinka.uvlf.sk\/?page_id=249"},"modified":"2026-03-22T13:58:58","modified_gmt":"2026-03-22T12:58:58","slug":"tlaciva","status":"publish","type":"page","link":"https:\/\/veterinka.uvlf.sk\/?page_id=249","title":{"rendered":"Tla\u010div\u00e1"},"content":{"rendered":"\n<p>Bezinfek\u010dnos\u0165 <a href=\"https:\/\/veterinka.uvlf.sk\/wp-content\/uploads\/2026\/01\/bezinfekcnost-2.pdf\" target=\"_blank\" rel=\"noreferrer noopener\">https:\/\/veterinka.uvlf.sk\/wp-content\/uploads\/2026\/01\/bezinfekcnost-2.pdf<\/a><\/p>\n\n\n\n<p>Ospravedlnenie <a href=\"https:\/\/veterinka.uvlf.sk\/wp-content\/uploads\/2026\/01\/Ospravedlnenie-zakonneho-zastupcu.pdf\" target=\"_blank\" rel=\"noreferrer noopener\">https:\/\/veterinka.uvlf.sk\/wp-content\/uploads\/2026\/01\/Ospravedlnenie-zakonneho-zastupcu.pdf<\/a><\/p>\n\n\n\n<p>\u017diados\u0165 o odpustenie \u0161koln\u00e9ho <a href=\"https:\/\/veterinka.uvlf.sk\/wp-content\/uploads\/2026\/01\/ziadost-odpustenie-skolneho.pdf\" target=\"_blank\" rel=\"noreferrer noopener\">https:\/\/veterinka.uvlf.sk\/wp-content\/uploads\/2026\/01\/ziadost-odpustenie-skolneho.pdf<\/a><\/p>\n\n\n\n<p>\u017diados\u0165 o prijatie die\u0165a\u0165a <a href=\"https:\/\/veterinka.uvlf.sk\/wp-content\/uploads\/2026\/03\/Prihlaska_na_vzdelavanie_v_materskej_skole.pdf\">https:\/\/veterinka.uvlf.sk\/wp-content\/uploads\/2026\/03\/Prihlaska_na_vzdelavanie_v_materskej_skole.pdf<\/a><\/p>\n\n\n\n<p>Potvrdenie o zdravotnej sp\u00f4sobilosti die\u0165a\u0165a <a href=\"https:\/\/veterinka.uvlf.sk\/wp-content\/uploads\/2026\/03\/Potvrdenie_o_zdravotnej_sposobilosti.pdf\">https:\/\/veterinka.uvlf.sk\/wp-content\/uploads\/2026\/03\/Potvrdenie_o_zdravotnej_sposobilosti.pdf<\/a><\/p>\n\n\n\n<p><\/p>\n","protected":false},"excerpt":{"rendered":"<p>Bezinfek\u010dnos\u0165 https:\/\/veterinka.uvlf.sk\/wp-content\/uploads\/2026\/01\/bezinfekcnost-2.pdf Ospravedlnenie https:\/\/veterinka.uvlf.sk\/wp-content\/uploads\/2026\/01\/Ospravedlnenie-zakonneho-zastupcu.pdf \u017diados\u0165 o odpustenie \u0161koln\u00e9ho https:\/\/veterinka.uvlf.sk\/wp-content\/uploads\/2026\/01\/ziadost-odpustenie-skolneho.pdf \u017diados\u0165 o prijatie die\u0165a\u0165a https:\/\/veterinka.uvlf.sk\/wp-content\/uploads\/2026\/03\/Prihlaska_na_vzdelavanie_v_materskej_skole.pdf Potvrdenie o zdravotnej sp\u00f4sobilosti die\u0165a\u0165a https:\/\/veterinka.uvlf.sk\/wp-content\/uploads\/2026\/03\/Potvrdenie_o_zdravotnej_sposobilosti.pdf<\/p>\n","protected":false},"author":2,"featured_media":0,"parent":0,"menu_order":0,"comment_status":"closed","ping_status":"closed","template":"","meta":{"inline_featured_image":false,"footnotes":""},"class_list":["post-249","page","type-page","status-publish","hentry"],"_links":{"self":[{"href":"https:\/\/veterinka.uvlf.sk\/index.php?rest_route=\/wp\/v2\/pages\/249","targetHints":{"allow":["GET"]}}],"collection":[{"href":"https:\/\/veterinka.uvlf.sk\/index.php?rest_route=\/wp\/v2\/pages"}],"about":[{"href":"https:\/\/veterinka.uvlf.sk\/index.php?rest_route=\/wp\/v2\/types\/page"}],"author":[{"embeddable":true,"href":"https:\/\/veterinka.uvlf.sk\/index.php?rest_route=\/wp\/v2\/users\/2"}],"replies":[{"embeddable":true,"href":"https:\/\/veterinka.uvlf.sk\/index.php?rest_route=%2Fwp%2Fv2%2Fcomments&post=249"}],"version-history":[{"count":19,"href":"https:\/\/veterinka.uvlf.sk\/index.php?rest_route=\/wp\/v2\/pages\/249\/revisions"}],"predecessor-version":[{"id":459,"href":"https:\/\/veterinka.uvlf.sk\/index.php?rest_route=\/wp\/v2\/pages\/249\/revisions\/459"}],"wp:attachment":[{"href":"https:\/\/veterinka.uvlf.sk\/index.php?rest_route=%2Fwp%2Fv2%2Fmedia&parent=249"}],"curies":[{"name":"wp","href":"https:\/\/api.w.org\/{rel}","templated":true}]}}