{"id":152,"date":"2024-05-20T12:24:34","date_gmt":"2024-05-20T10:24:34","guid":{"rendered":"https:\/\/veterinka.uvlf.sk\/?page_id=152"},"modified":"2024-05-20T12:24:34","modified_gmt":"2024-05-20T10:24:34","slug":"denny-poriadok","status":"publish","type":"page","link":"https:\/\/veterinka.uvlf.sk\/?page_id=152","title":{"rendered":"Denn\u00fd poriadok"},"content":{"rendered":"\n<h3 class=\"wp-block-heading\"><strong>\u010casov\u00e9 vymedzenie denn\u00e9ho poriadku:<\/strong><\/h3>\n\n\n\n<figure class=\"wp-block-table is-style-stripes\"><table><tbody><tr><td>7.00 hod. \u2013 8.30 hod.<\/td><td>Hry a\u00a0\u010dinnosti pod\u013ea v\u00fdberu det\u00ed\u00a0<br>Vzdel\u00e1vacia aktivita<br>Zdravotn\u00e9 cvi\u010denie<br>\u010cinnosti zabezpe\u010duj\u00face \u017eivotospr\u00e1vu (osobn\u00e1 hygiena)<\/td><\/tr><tr><td><strong>Pevne stanoven\u00fd \u010das<\/strong><br><strong>Desiata<\/strong><br><strong>8.30 hod. \u2013 9.00 hod.<\/strong><\/td><td>\u010cinnosti zabezpe\u010duj\u00face \u017eivotospr\u00e1vu (osobn\u00e1 hygiena, stolovanie, stravovanie \u2013 <strong>desiata<\/strong>)<\/td><\/tr><tr><td>9.00 hod. \u2013 11.30 hod.<\/td><td>Hry a\u00a0\u010dinnosti pod\u013ea v\u00fdberu det\u00ed\u00a0<br>Vzdel\u00e1vacia aktivita<br>Pobyt vonku<\/td><\/tr><tr><td><strong>Pevne stanoven\u00fd \u010das<\/strong><br><strong>Obed<\/strong><br><strong>11.30 hod. \u2013 12.00 hod.<\/strong><\/td><td>\u010cinnosti zabezpe\u010duj\u00face \u017eivotospr\u00e1vu (osobn\u00e1 hygiena, stolovanie, stravovanie \u2013 <strong>obed<\/strong>)<\/td><\/tr><tr><td>12.00 hod. \u2013 14.30 hod.<\/td><td>\u010cinnosti zabezpe\u010duj\u00face \u017eivotospr\u00e1vu (osobn\u00e1 hygiena)<br>Odpo\u010dinok<br>Hry a\u00a0\u010dinnosti pod\u013ea v\u00fdberu det\u00ed\u00a0<\/td><\/tr><tr><td><strong>Pevne stanoven\u00fd \u010das<\/strong><br><strong>Olovrant<\/strong><br><strong>14.30 hod. \u2013 15.00 hod.<\/strong><\/td><td>\u010cinnosti zabezpe\u010duj\u00face \u017eivotospr\u00e1vu (osobn\u00e1 hygiena, stolovanie, stravovanie \u2013 <strong>olovrant<\/strong>)<\/td><\/tr><tr><td>15.00 hod. \u2013 \u00a016.30 hod.<\/td><td>Hry a\u00a0\u010dinnosti pod\u013ea v\u00fdberu det\u00ed\u00a0<br>Vzdel\u00e1vacia aktivita<br>Pobyt vonku<br>\u010cinnosti zabezpe\u010duj\u00face \u017eivotospr\u00e1vu (osobn\u00e1 hygiena)<\/td><\/tr><\/tbody><\/table><\/figure>\n\n\n\n<p><\/p>\n","protected":false},"excerpt":{"rendered":"<p>\u010casov\u00e9 vymedzenie denn\u00e9ho poriadku: 7.00 hod. \u2013 8.30 hod. Hry a\u00a0\u010dinnosti pod\u013ea v\u00fdberu det\u00ed\u00a0Vzdel\u00e1vacia aktivitaZdravotn\u00e9 cvi\u010denie\u010cinnosti zabezpe\u010duj\u00face \u017eivotospr\u00e1vu (osobn\u00e1 hygiena) Pevne stanoven\u00fd \u010dasDesiata8.30 hod. \u2013 [&hellip;]<\/p>\n","protected":false},"author":1,"featured_media":0,"parent":0,"menu_order":0,"comment_status":"closed","ping_status":"closed","template":"","meta":{"inline_featured_image":false,"footnotes":""},"class_list":["post-152","page","type-page","status-publish","hentry"],"_links":{"self":[{"href":"https:\/\/veterinka.uvlf.sk\/index.php?rest_route=\/wp\/v2\/pages\/152","targetHints":{"allow":["GET"]}}],"collection":[{"href":"https:\/\/veterinka.uvlf.sk\/index.php?rest_route=\/wp\/v2\/pages"}],"about":[{"href":"https:\/\/veterinka.uvlf.sk\/index.php?rest_route=\/wp\/v2\/types\/page"}],"author":[{"embeddable":true,"href":"https:\/\/veterinka.uvlf.sk\/index.php?rest_route=\/wp\/v2\/users\/1"}],"replies":[{"embeddable":true,"href":"https:\/\/veterinka.uvlf.sk\/index.php?rest_route=%2Fwp%2Fv2%2Fcomments&post=152"}],"version-history":[{"count":1,"href":"https:\/\/veterinka.uvlf.sk\/index.php?rest_route=\/wp\/v2\/pages\/152\/revisions"}],"predecessor-version":[{"id":153,"href":"https:\/\/veterinka.uvlf.sk\/index.php?rest_route=\/wp\/v2\/pages\/152\/revisions\/153"}],"wp:attachment":[{"href":"https:\/\/veterinka.uvlf.sk\/index.php?rest_route=%2Fwp%2Fv2%2Fmedia&parent=152"}],"curies":[{"name":"wp","href":"https:\/\/api.w.org\/{rel}","templated":true}]}}